{"id":1524,"date":"2020-08-26T20:37:11","date_gmt":"2020-08-26T23:37:11","guid":{"rendered":"http:\/\/boutiqueeventos.com.br\/site\/?page_id=1524"},"modified":"2020-08-27T22:14:55","modified_gmt":"2020-08-28T01:14:55","slug":"quem-somos","status":"publish","type":"page","link":"https:\/\/boutiqueeventos.com.br\/site\/quem-somos\/","title":{"rendered":"QUEM SOMOS"},"content":{"rendered":"<p>[vc_row css_animation=&#8221;&#8221; row_type=&#8221;row&#8221; use_row_as_full_screen_section=&#8221;no&#8221; type=&#8221;grid&#8221; angled_section=&#8221;no&#8221; text_align=&#8221;left&#8221; background_image_as_pattern=&#8221;without_pattern&#8221; z_index=&#8221;&#8221;][vc_column][vc_empty_space height=&#8221;82px&#8221;][vc_column_text]<\/p>\n<h2><strong>Boutique de Eventos<\/strong><\/h2>\n<p>H\u00e1 mais de 15 anos no mercado, a empresa Boutique de Eventos atua no cen\u00e1rio de festas e eventos em todo territ\u00f3rio nacional, oferecendo uma variedade de produtos e servi\u00e7os como loca\u00e7\u00f5es de mobili\u00e1rios, objetos de decora\u00e7\u00f5es, cenografias, coberturas, montagens especiais e decora\u00e7\u00f5es para eventos.<\/p>\n<p>A empresa conta com profissionais treinados para o melhor atendimento em todos os setores operacionais. Primando sempre a confian\u00e7a de nossos clientes e a responsabilidade em transformar ambientes\u00a0para celebra\u00e7\u00f5es, sejam elas, sociais, culturais, esportivos ou corporativos.<\/p>\n<p><strong>Miss\u00e3o:<\/strong><\/p>\n<p>Desenvolver e executar projetos de decora\u00e7\u00f5es e cenografias para eventos com excel\u00eancia e profissionalismo.<\/p>\n<p><strong>Vis\u00e3o:<\/strong><\/p>\n<p>Ser uma empresa refer\u00eancia no segmento de festas e eventos, indicar tend\u00eancias ao mercado, trabalhando com \u00e9tica, integridade, transpar\u00eancia e responsabilidade social.[\/vc_column_text][vc_empty_space height=&#8221;82px&#8221;][\/vc_column][\/vc_row]<\/p>\n","protected":false},"excerpt":{"rendered":"<p>[vc_row css_animation=&#8221;&#8221; row_type=&#8221;row&#8221; use_row_as_full_screen_section=&#8221;no&#8221; type=&#8221;grid&#8221; angled_section=&#8221;no&#8221; text_align=&#8221;left&#8221; background_image_as_pattern=&#8221;without_pattern&#8221; z_index=&#8221;&#8221;][vc_column][vc_empty_space height=&#8221;82px&#8221;][vc_column_text] Boutique de Eventos H\u00e1 mais de 15 anos no mercado, a empresa Boutique de Eventos atua no cen\u00e1rio de festas e eventos em todo territ\u00f3rio nacional, oferecendo uma variedade de produtos e servi\u00e7os como loca\u00e7\u00f5es&#8230;<\/p>\n","protected":false},"author":1,"featured_media":0,"parent":0,"menu_order":0,"comment_status":"closed","ping_status":"closed","template":"full_width.php","meta":{"footnotes":""},"_links":{"self":[{"href":"https:\/\/boutiqueeventos.com.br\/site\/wp-json\/wp\/v2\/pages\/1524"}],"collection":[{"href":"https:\/\/boutiqueeventos.com.br\/site\/wp-json\/wp\/v2\/pages"}],"about":[{"href":"https:\/\/boutiqueeventos.com.br\/site\/wp-json\/wp\/v2\/types\/page"}],"author":[{"embeddable":true,"href":"https:\/\/boutiqueeventos.com.br\/site\/wp-json\/wp\/v2\/users\/1"}],"replies":[{"embeddable":true,"href":"https:\/\/boutiqueeventos.com.br\/site\/wp-json\/wp\/v2\/comments?post=1524"}],"version-history":[{"count":2,"href":"https:\/\/boutiqueeventos.com.br\/site\/wp-json\/wp\/v2\/pages\/1524\/revisions"}],"predecessor-version":[{"id":1526,"href":"https:\/\/boutiqueeventos.com.br\/site\/wp-json\/wp\/v2\/pages\/1524\/revisions\/1526"}],"wp:attachment":[{"href":"https:\/\/boutiqueeventos.com.br\/site\/wp-json\/wp\/v2\/media?parent=1524"}],"curies":[{"name":"wp","href":"https:\/\/api.w.org\/{rel}","templated":true}]}}