{"id":1217,"date":"2017-05-31T15:21:19","date_gmt":"2017-05-31T18:21:19","guid":{"rendered":"https:\/\/boutiqueeventos.com.br\/site\/index.php\/produto\/modulo-de-bar-para-revestir-200x070x090-tampo-em-madeira\/"},"modified":"2021-01-27T11:03:11","modified_gmt":"2021-01-27T14:03:11","slug":"modulo-de-bar-para-revestir-200x070x090-tampo-em-madeira","status":"publish","type":"product","link":"https:\/\/boutiqueeventos.com.br\/site\/produto\/modulo-de-bar-para-revestir-200x070x090-tampo-em-madeira\/","title":{"rendered":"Bar modular para revestir &#8211; REF 61401"},"content":{"rendered":"<p>Bar modular para revestir com tampo em madeira 2,00&#215;0,70&#215;0,90<\/p>\n<p>REF 61401<\/p>\n<p>Medidas: 2,00m X 0,70m X0,90m (comprimento, largura, altura)<\/p>\n<p>Material:\u00a0 Estrutura e tampo em madeira<\/p>\n<p>OBSERVA\u00c7\u00c3O: Or\u00e7amento de materiais para tipos de revestimento sob consulta.<\/p>\n","protected":false},"excerpt":{"rendered":"<p>Bar modular para revestir com tampo em madeira 2,00&#215;0,70&#215;0,90 REF 61401 Medidas: 2,00m X 0,70m X0,90m (comprimento, largura, altura) Material:\u00a0 Estrutura e tampo em madeira OBSERVA\u00c7\u00c3O: Or\u00e7amento de materiais para tipos de revestimento sob consulta.<\/p>\n","protected":false},"featured_media":5495,"comment_status":"open","ping_status":"closed","template":"","meta":[],"product_cat":[132,126],"product_tag":[],"_links":{"self":[{"href":"https:\/\/boutiqueeventos.com.br\/site\/wp-json\/wp\/v2\/product\/1217"}],"collection":[{"href":"https:\/\/boutiqueeventos.com.br\/site\/wp-json\/wp\/v2\/product"}],"about":[{"href":"https:\/\/boutiqueeventos.com.br\/site\/wp-json\/wp\/v2\/types\/product"}],"replies":[{"embeddable":true,"href":"https:\/\/boutiqueeventos.com.br\/site\/wp-json\/wp\/v2\/comments?post=1217"}],"wp:featuredmedia":[{"embeddable":true,"href":"https:\/\/boutiqueeventos.com.br\/site\/wp-json\/wp\/v2\/media\/5495"}],"wp:attachment":[{"href":"https:\/\/boutiqueeventos.com.br\/site\/wp-json\/wp\/v2\/media?parent=1217"}],"wp:term":[{"taxonomy":"product_cat","embeddable":true,"href":"https:\/\/boutiqueeventos.com.br\/site\/wp-json\/wp\/v2\/product_cat?post=1217"},{"taxonomy":"product_tag","embeddable":true,"href":"https:\/\/boutiqueeventos.com.br\/site\/wp-json\/wp\/v2\/product_tag?post=1217"}],"curies":[{"name":"wp","href":"https:\/\/api.w.org\/{rel}","templated":true}]}}