{"id":1314,"date":"2017-05-31T17:18:04","date_gmt":"2017-05-31T20:18:04","guid":{"rendered":"https:\/\/boutiqueeventos.com.br\/site\/index.php\/produto\/mesa-de-centro-madeira-070-x-070\/"},"modified":"2021-02-08T11:34:04","modified_gmt":"2021-02-08T14:34:04","slug":"mesa-de-centro-madeira-070-x-070","status":"publish","type":"product","link":"https:\/\/boutiqueeventos.com.br\/site\/produto\/mesa-de-centro-madeira-070-x-070\/","title":{"rendered":"Mesa de centro em madeira de demoli\u00e7\u00e3o  &#8211; REF 85183"},"content":{"rendered":"<p>Mesa de centro em madeira de demoli\u00e7\u00e3o\u00a0 &#8211;<\/p>\n<p>REF 85183<\/p>\n<p>Medidas: 0,70 x 0,70 x 0,45 (comprimento x largura x altura)<\/p>\n<p>Material: madeira de demoli\u00e7\u00e3o<\/p>\n<p>&nbsp;<\/p>\n","protected":false},"excerpt":{"rendered":"<p>Mesa de centro em madeira de demoli\u00e7\u00e3o\u00a0 &#8211; REF 85183 Medidas: 0,70 x 0,70 x 0,45 (comprimento x largura x altura) Material: madeira de demoli\u00e7\u00e3o &nbsp;<\/p>\n","protected":false},"featured_media":5787,"comment_status":"open","ping_status":"closed","template":"","meta":[],"product_cat":[141,126],"product_tag":[],"_links":{"self":[{"href":"https:\/\/boutiqueeventos.com.br\/site\/wp-json\/wp\/v2\/product\/1314"}],"collection":[{"href":"https:\/\/boutiqueeventos.com.br\/site\/wp-json\/wp\/v2\/product"}],"about":[{"href":"https:\/\/boutiqueeventos.com.br\/site\/wp-json\/wp\/v2\/types\/product"}],"replies":[{"embeddable":true,"href":"https:\/\/boutiqueeventos.com.br\/site\/wp-json\/wp\/v2\/comments?post=1314"}],"wp:featuredmedia":[{"embeddable":true,"href":"https:\/\/boutiqueeventos.com.br\/site\/wp-json\/wp\/v2\/media\/5787"}],"wp:attachment":[{"href":"https:\/\/boutiqueeventos.com.br\/site\/wp-json\/wp\/v2\/media?parent=1314"}],"wp:term":[{"taxonomy":"product_cat","embeddable":true,"href":"https:\/\/boutiqueeventos.com.br\/site\/wp-json\/wp\/v2\/product_cat?post=1314"},{"taxonomy":"product_tag","embeddable":true,"href":"https:\/\/boutiqueeventos.com.br\/site\/wp-json\/wp\/v2\/product_tag?post=1314"}],"curies":[{"name":"wp","href":"https:\/\/api.w.org\/{rel}","templated":true}]}}