{"id":2740,"date":"2017-06-01T13:29:02","date_gmt":"2017-06-01T16:29:02","guid":{"rendered":"https:\/\/boutiqueeventos.com.br\/site\/index.php\/produto\/puff-redondo-de-080cm\/"},"modified":"2021-02-22T15:21:03","modified_gmt":"2021-02-22T18:21:03","slug":"puff-redondo-de-080cm","status":"publish","type":"product","link":"https:\/\/boutiqueeventos.com.br\/site\/produto\/puff-redondo-de-080cm\/","title":{"rendered":"Puff redondo 80cm di\u00e2metro cores variadas &#8211; REF 88377"},"content":{"rendered":"<p>Puff redondo 80cm cores variadas &#8211;<\/p>\n<p>REF 88377<\/p>\n<p>Medidas: 0,80 X 0,45 (di\u00e2metro x altura)<\/p>\n<p>Material: puff estruturado em madeira, revestido com espuma e capa em tecido.<\/p>\n<p>OBS: Dispon\u00edveis nas cores branco, preto, verde lim\u00e3o, vermelho, laranja, pink, roxo e etc..<\/p>\n","protected":false},"excerpt":{"rendered":"<p>Puff redondo 80cm cores variadas &#8211; REF 88377 Medidas: 0,80 X 0,45 (di\u00e2metro x altura) Material: puff estruturado em madeira, revestido com espuma e capa em tecido. OBS: Dispon\u00edveis nas cores branco, preto, verde lim\u00e3o, vermelho, laranja, pink, roxo e etc..<\/p>\n","protected":false},"featured_media":5953,"comment_status":"open","ping_status":"closed","template":"","meta":[],"product_cat":[126,146],"product_tag":[],"_links":{"self":[{"href":"https:\/\/boutiqueeventos.com.br\/site\/wp-json\/wp\/v2\/product\/2740"}],"collection":[{"href":"https:\/\/boutiqueeventos.com.br\/site\/wp-json\/wp\/v2\/product"}],"about":[{"href":"https:\/\/boutiqueeventos.com.br\/site\/wp-json\/wp\/v2\/types\/product"}],"replies":[{"embeddable":true,"href":"https:\/\/boutiqueeventos.com.br\/site\/wp-json\/wp\/v2\/comments?post=2740"}],"wp:featuredmedia":[{"embeddable":true,"href":"https:\/\/boutiqueeventos.com.br\/site\/wp-json\/wp\/v2\/media\/5953"}],"wp:attachment":[{"href":"https:\/\/boutiqueeventos.com.br\/site\/wp-json\/wp\/v2\/media?parent=2740"}],"wp:term":[{"taxonomy":"product_cat","embeddable":true,"href":"https:\/\/boutiqueeventos.com.br\/site\/wp-json\/wp\/v2\/product_cat?post=2740"},{"taxonomy":"product_tag","embeddable":true,"href":"https:\/\/boutiqueeventos.com.br\/site\/wp-json\/wp\/v2\/product_tag?post=2740"}],"curies":[{"name":"wp","href":"https:\/\/api.w.org\/{rel}","templated":true}]}}