{"id":2798,"date":"2017-06-01T15:27:53","date_gmt":"2017-06-01T18:27:53","guid":{"rendered":"https:\/\/boutiqueeventos.com.br\/site\/index.php\/produto\/vaso-de-alum-tulipa-gd-o35cm\/"},"modified":"2021-04-12T09:18:51","modified_gmt":"2021-04-12T12:18:51","slug":"vaso-de-alum-tulipa-gd-o35cm","status":"publish","type":"product","link":"https:\/\/boutiqueeventos.com.br\/site\/produto\/vaso-de-alum-tulipa-gd-o35cm\/","title":{"rendered":"Vaso de Alum\u00ednio G Dourado &#8211; REF 284082"},"content":{"rendered":"<p>Vaso de Alum\u00ednio G Dourado &#8211;<\/p>\n<p>REF 284082<\/p>\n<p>Medidas: 0,35 x 0,27cm (altura x largura)<\/p>\n<p>Material: Alum\u00ednio<\/p>\n<p>Cor: Dourado (poder\u00e1 ser pintado de outras cores, solicitar or\u00e7amento pintura)<\/p>\n<p>&nbsp;<\/p>\n","protected":false},"excerpt":{"rendered":"<p>Vaso de Alum\u00ednio G Dourado &#8211; REF 284082 Medidas: 0,35 x 0,27cm (altura x largura) Material: Alum\u00ednio Cor: Dourado (poder\u00e1 ser pintado de outras cores, solicitar or\u00e7amento pintura) &nbsp;<\/p>\n","protected":false},"featured_media":6423,"comment_status":"open","ping_status":"closed","template":"","meta":[],"product_cat":[157,127,176],"product_tag":[],"_links":{"self":[{"href":"https:\/\/boutiqueeventos.com.br\/site\/wp-json\/wp\/v2\/product\/2798"}],"collection":[{"href":"https:\/\/boutiqueeventos.com.br\/site\/wp-json\/wp\/v2\/product"}],"about":[{"href":"https:\/\/boutiqueeventos.com.br\/site\/wp-json\/wp\/v2\/types\/product"}],"replies":[{"embeddable":true,"href":"https:\/\/boutiqueeventos.com.br\/site\/wp-json\/wp\/v2\/comments?post=2798"}],"wp:featuredmedia":[{"embeddable":true,"href":"https:\/\/boutiqueeventos.com.br\/site\/wp-json\/wp\/v2\/media\/6423"}],"wp:attachment":[{"href":"https:\/\/boutiqueeventos.com.br\/site\/wp-json\/wp\/v2\/media?parent=2798"}],"wp:term":[{"taxonomy":"product_cat","embeddable":true,"href":"https:\/\/boutiqueeventos.com.br\/site\/wp-json\/wp\/v2\/product_cat?post=2798"},{"taxonomy":"product_tag","embeddable":true,"href":"https:\/\/boutiqueeventos.com.br\/site\/wp-json\/wp\/v2\/product_tag?post=2798"}],"curies":[{"name":"wp","href":"https:\/\/api.w.org\/{rel}","templated":true}]}}