{"id":2825,"date":"2017-06-01T16:25:23","date_gmt":"2017-06-01T19:25:23","guid":{"rendered":"https:\/\/boutiqueeventos.com.br\/site\/index.php\/produto\/castical-em-aluminio-chrome-53cm\/"},"modified":"2021-04-12T09:59:34","modified_gmt":"2021-04-12T12:59:34","slug":"castical-em-aluminio-chrome-53cm","status":"publish","type":"product","link":"https:\/\/boutiqueeventos.com.br\/site\/produto\/castical-em-aluminio-chrome-53cm\/","title":{"rendered":"CASTI\u00c7AL EM ALUM\u00cdNIO 05 PONTAS P &#8211; REF 284088"},"content":{"rendered":"<p>CASTI\u00c7AL EM ALUM\u00cdNIO 05 PONTAS P &#8211;<\/p>\n<p>REF 284088<\/p>\n<p>MEDIDAS: 53CM X 26CM (ALTURA X DI\u00c2METRO)<\/p>\n<p>MATERIAL: ALUM\u00cdNIO<\/p>\n<p>Cor: Prata<\/p>\n","protected":false},"excerpt":{"rendered":"<p>CASTI\u00c7AL EM ALUM\u00cdNIO 05 PONTAS P &#8211; REF 284088 MEDIDAS: 53CM X 26CM (ALTURA X DI\u00c2METRO) MATERIAL: ALUM\u00cdNIO Cor: Prata<\/p>\n","protected":false},"featured_media":6412,"comment_status":"open","ping_status":"closed","template":"","meta":[],"product_cat":[160,127],"product_tag":[],"_links":{"self":[{"href":"https:\/\/boutiqueeventos.com.br\/site\/wp-json\/wp\/v2\/product\/2825"}],"collection":[{"href":"https:\/\/boutiqueeventos.com.br\/site\/wp-json\/wp\/v2\/product"}],"about":[{"href":"https:\/\/boutiqueeventos.com.br\/site\/wp-json\/wp\/v2\/types\/product"}],"replies":[{"embeddable":true,"href":"https:\/\/boutiqueeventos.com.br\/site\/wp-json\/wp\/v2\/comments?post=2825"}],"wp:featuredmedia":[{"embeddable":true,"href":"https:\/\/boutiqueeventos.com.br\/site\/wp-json\/wp\/v2\/media\/6412"}],"wp:attachment":[{"href":"https:\/\/boutiqueeventos.com.br\/site\/wp-json\/wp\/v2\/media?parent=2825"}],"wp:term":[{"taxonomy":"product_cat","embeddable":true,"href":"https:\/\/boutiqueeventos.com.br\/site\/wp-json\/wp\/v2\/product_cat?post=2825"},{"taxonomy":"product_tag","embeddable":true,"href":"https:\/\/boutiqueeventos.com.br\/site\/wp-json\/wp\/v2\/product_tag?post=2825"}],"curies":[{"name":"wp","href":"https:\/\/api.w.org\/{rel}","templated":true}]}}