{"id":2853,"date":"2017-06-01T17:36:20","date_gmt":"2017-06-01T20:36:20","guid":{"rendered":"https:\/\/boutiqueeventos.com.br\/site\/index.php\/produto\/vaso-de-ceramica-r845-verde-esmeralda-calcas\/"},"modified":"2021-04-20T16:54:59","modified_gmt":"2021-04-20T19:54:59","slug":"vaso-de-ceramica-r845-verde-esmeralda-calcas","status":"publish","type":"product","link":"https:\/\/boutiqueeventos.com.br\/site\/produto\/vaso-de-ceramica-r845-verde-esmeralda-calcas\/","title":{"rendered":"Vaso cer\u00e2mica azul esverdeado com al\u00e7as &#8211; REF 139233"},"content":{"rendered":"<p>Vaso cer\u00e2mica azul esverdeado com al\u00e7as<\/p>\n<p>REF 139233<\/p>\n<p>Medidas: 24x27cm (altura x di\u00e2metro)<\/p>\n","protected":false},"excerpt":{"rendered":"<p>Vaso cer\u00e2mica azul esverdeado com al\u00e7as REF 139233 Medidas: 24x27cm (altura x di\u00e2metro)<\/p>\n","protected":false},"featured_media":6842,"comment_status":"open","ping_status":"closed","template":"","meta":[],"product_cat":[158,127,176],"product_tag":[],"_links":{"self":[{"href":"https:\/\/boutiqueeventos.com.br\/site\/wp-json\/wp\/v2\/product\/2853"}],"collection":[{"href":"https:\/\/boutiqueeventos.com.br\/site\/wp-json\/wp\/v2\/product"}],"about":[{"href":"https:\/\/boutiqueeventos.com.br\/site\/wp-json\/wp\/v2\/types\/product"}],"replies":[{"embeddable":true,"href":"https:\/\/boutiqueeventos.com.br\/site\/wp-json\/wp\/v2\/comments?post=2853"}],"wp:featuredmedia":[{"embeddable":true,"href":"https:\/\/boutiqueeventos.com.br\/site\/wp-json\/wp\/v2\/media\/6842"}],"wp:attachment":[{"href":"https:\/\/boutiqueeventos.com.br\/site\/wp-json\/wp\/v2\/media?parent=2853"}],"wp:term":[{"taxonomy":"product_cat","embeddable":true,"href":"https:\/\/boutiqueeventos.com.br\/site\/wp-json\/wp\/v2\/product_cat?post=2853"},{"taxonomy":"product_tag","embeddable":true,"href":"https:\/\/boutiqueeventos.com.br\/site\/wp-json\/wp\/v2\/product_tag?post=2853"}],"curies":[{"name":"wp","href":"https:\/\/api.w.org\/{rel}","templated":true}]}}