{"id":2860,"date":"2017-06-02T13:10:08","date_gmt":"2017-06-02T16:10:08","guid":{"rendered":"https:\/\/boutiqueeventos.com.br\/site\/index.php\/produto\/cachepot-de-ceramica-r-356-branco\/"},"modified":"2021-04-26T09:08:17","modified_gmt":"2021-04-26T12:08:17","slug":"cachepot-de-ceramica-r-356-branco","status":"publish","type":"product","link":"https:\/\/boutiqueeventos.com.br\/site\/produto\/cachepot-de-ceramica-r-356-branco\/","title":{"rendered":"VASO CER\u00c2MICA P\u00c9ROLA PEQUENO &#8211; REF 287185"},"content":{"rendered":"<p>VASO DE CER\u00c2MICA P\u00c9ROLA PEQUENO<\/p>\n<p>REF 287185<\/p>\n<p>MEDIDAS: 26 X 14CM (ALTURA X LARGURA)<\/p>\n<p>MATERIAL: CER\u00c2MICA<\/p>\n<p>COR: P\u00c9ROLA<\/p>\n","protected":false},"excerpt":{"rendered":"<p>VASO DE CER\u00c2MICA P\u00c9ROLA PEQUENO REF 287185 MEDIDAS: 26 X 14CM (ALTURA X LARGURA) MATERIAL: CER\u00c2MICA COR: P\u00c9ROLA<\/p>\n","protected":false},"featured_media":6664,"comment_status":"open","ping_status":"closed","template":"","meta":[],"product_cat":[158,176],"product_tag":[],"_links":{"self":[{"href":"https:\/\/boutiqueeventos.com.br\/site\/wp-json\/wp\/v2\/product\/2860"}],"collection":[{"href":"https:\/\/boutiqueeventos.com.br\/site\/wp-json\/wp\/v2\/product"}],"about":[{"href":"https:\/\/boutiqueeventos.com.br\/site\/wp-json\/wp\/v2\/types\/product"}],"replies":[{"embeddable":true,"href":"https:\/\/boutiqueeventos.com.br\/site\/wp-json\/wp\/v2\/comments?post=2860"}],"wp:featuredmedia":[{"embeddable":true,"href":"https:\/\/boutiqueeventos.com.br\/site\/wp-json\/wp\/v2\/media\/6664"}],"wp:attachment":[{"href":"https:\/\/boutiqueeventos.com.br\/site\/wp-json\/wp\/v2\/media?parent=2860"}],"wp:term":[{"taxonomy":"product_cat","embeddable":true,"href":"https:\/\/boutiqueeventos.com.br\/site\/wp-json\/wp\/v2\/product_cat?post=2860"},{"taxonomy":"product_tag","embeddable":true,"href":"https:\/\/boutiqueeventos.com.br\/site\/wp-json\/wp\/v2\/product_tag?post=2860"}],"curies":[{"name":"wp","href":"https:\/\/api.w.org\/{rel}","templated":true}]}}