{"id":2870,"date":"2017-06-02T13:10:30","date_gmt":"2017-06-02T16:10:30","guid":{"rendered":"https:\/\/boutiqueeventos.com.br\/site\/index.php\/produto\/vaso-ceramica-linha-rosas-c-alca\/"},"modified":"2021-04-20T10:00:22","modified_gmt":"2021-04-20T13:00:22","slug":"vaso-ceramica-linha-rosas-c-alca","status":"publish","type":"product","link":"https:\/\/boutiqueeventos.com.br\/site\/produto\/vaso-ceramica-linha-rosas-c-alca\/","title":{"rendered":"Vaso cer\u00e2mica rosas com al\u00e7a grande -REF 60777"},"content":{"rendered":"<p>Vaso cer\u00e2mica rosas com al\u00e7a grande 45x20cm &#8211;<\/p>\n<p>REF 60777<\/p>\n<p>Medidas:\u00a045 x 20cm (altura x largura)<\/p>\n<p>Material: Cer\u00e2mica<\/p>\n<p>Cor: Rosa claro<\/p>\n","protected":false},"excerpt":{"rendered":"<p>Vaso cer\u00e2mica rosas com al\u00e7a grande 45x20cm &#8211; REF 60777 Medidas:\u00a045 x 20cm (altura x largura) Material: Cer\u00e2mica Cor: Rosa claro<\/p>\n","protected":false},"featured_media":6765,"comment_status":"open","ping_status":"closed","template":"","meta":[],"product_cat":[158,127,176],"product_tag":[],"_links":{"self":[{"href":"https:\/\/boutiqueeventos.com.br\/site\/wp-json\/wp\/v2\/product\/2870"}],"collection":[{"href":"https:\/\/boutiqueeventos.com.br\/site\/wp-json\/wp\/v2\/product"}],"about":[{"href":"https:\/\/boutiqueeventos.com.br\/site\/wp-json\/wp\/v2\/types\/product"}],"replies":[{"embeddable":true,"href":"https:\/\/boutiqueeventos.com.br\/site\/wp-json\/wp\/v2\/comments?post=2870"}],"wp:featuredmedia":[{"embeddable":true,"href":"https:\/\/boutiqueeventos.com.br\/site\/wp-json\/wp\/v2\/media\/6765"}],"wp:attachment":[{"href":"https:\/\/boutiqueeventos.com.br\/site\/wp-json\/wp\/v2\/media?parent=2870"}],"wp:term":[{"taxonomy":"product_cat","embeddable":true,"href":"https:\/\/boutiqueeventos.com.br\/site\/wp-json\/wp\/v2\/product_cat?post=2870"},{"taxonomy":"product_tag","embeddable":true,"href":"https:\/\/boutiqueeventos.com.br\/site\/wp-json\/wp\/v2\/product_tag?post=2870"}],"curies":[{"name":"wp","href":"https:\/\/api.w.org\/{rel}","templated":true}]}}