{"id":2873,"date":"2017-06-02T13:53:41","date_gmt":"2017-06-02T16:53:41","guid":{"rendered":"https:\/\/boutiqueeventos.com.br\/site\/index.php\/produto\/vaso-ceramica-medio-linha-rosas-com-alca\/"},"modified":"2021-04-20T09:57:28","modified_gmt":"2021-04-20T12:57:28","slug":"vaso-ceramica-medio-linha-rosas-com-alca","status":"publish","type":"product","link":"https:\/\/boutiqueeventos.com.br\/site\/produto\/vaso-ceramica-medio-linha-rosas-com-alca\/","title":{"rendered":"Vaso cer\u00e2mica rosas com al\u00e7a m\u00e9dio -REF 60775"},"content":{"rendered":"<p>Vaso cer\u00e2mica rosas com al\u00e7a m\u00e9dio\u00a0 &#8211;<\/p>\n<p>REF 60775<\/p>\n<p>Medidas:\u00a035 x 25cm (altura x largura)<\/p>\n<p>Material: Cer\u00e2mica<\/p>\n<p>Cor: Rosa claro<\/p>\n","protected":false},"excerpt":{"rendered":"<p>Vaso cer\u00e2mica rosas com al\u00e7a m\u00e9dio\u00a0 &#8211; REF 60775 Medidas:\u00a035 x 25cm (altura x largura) Material: Cer\u00e2mica Cor: Rosa claro<\/p>\n","protected":false},"featured_media":6764,"comment_status":"open","ping_status":"closed","template":"","meta":[],"product_cat":[158,127,176],"product_tag":[],"_links":{"self":[{"href":"https:\/\/boutiqueeventos.com.br\/site\/wp-json\/wp\/v2\/product\/2873"}],"collection":[{"href":"https:\/\/boutiqueeventos.com.br\/site\/wp-json\/wp\/v2\/product"}],"about":[{"href":"https:\/\/boutiqueeventos.com.br\/site\/wp-json\/wp\/v2\/types\/product"}],"replies":[{"embeddable":true,"href":"https:\/\/boutiqueeventos.com.br\/site\/wp-json\/wp\/v2\/comments?post=2873"}],"wp:featuredmedia":[{"embeddable":true,"href":"https:\/\/boutiqueeventos.com.br\/site\/wp-json\/wp\/v2\/media\/6764"}],"wp:attachment":[{"href":"https:\/\/boutiqueeventos.com.br\/site\/wp-json\/wp\/v2\/media?parent=2873"}],"wp:term":[{"taxonomy":"product_cat","embeddable":true,"href":"https:\/\/boutiqueeventos.com.br\/site\/wp-json\/wp\/v2\/product_cat?post=2873"},{"taxonomy":"product_tag","embeddable":true,"href":"https:\/\/boutiqueeventos.com.br\/site\/wp-json\/wp\/v2\/product_tag?post=2873"}],"curies":[{"name":"wp","href":"https:\/\/api.w.org\/{rel}","templated":true}]}}