{"id":3819,"date":"2017-11-15T14:22:33","date_gmt":"2017-11-15T16:22:33","guid":{"rendered":"https:\/\/boutiqueeventos.com.br\/site\/index.php\/produto\/vaso-ceramica-floral-medio-com-tampa-ref-809\/"},"modified":"2021-04-20T11:10:41","modified_gmt":"2021-04-20T14:10:41","slug":"vaso-ceramica-floral-medio-com-tampa-ref-809","status":"publish","type":"product","link":"https:\/\/boutiqueeventos.com.br\/site\/produto\/vaso-ceramica-floral-medio-com-tampa-ref-809\/","title":{"rendered":"POTICHE CER\u00c2MICA FLORAL AZUL PETR\u00d3LEO ALTO \u2013 REF 287472"},"content":{"rendered":"<p>POTICHE CER\u00c2MICA FLORAL AZUL PETR\u00d3LEO ALTO<\/p>\n<p>REF 287472<\/p>\n<p>MEDIDAS: 0,43M ALT X 0,18M DI\u00c2METRO<\/p>\n<p>MATERIAL: CER\u00c2MICA<\/p>\n<p>COR: BRANCO E AZUL PETR\u00d3LEO<\/p>\n","protected":false},"excerpt":{"rendered":"<p>POTICHE CER\u00c2MICA FLORAL AZUL PETR\u00d3LEO ALTO REF 287472 MEDIDAS: 0,43M ALT X 0,18M DI\u00c2METRO MATERIAL: CER\u00c2MICA COR: BRANCO E AZUL PETR\u00d3LEO<\/p>\n","protected":false},"featured_media":6787,"comment_status":"closed","ping_status":"closed","template":"","meta":[],"product_cat":[158],"product_tag":[],"_links":{"self":[{"href":"https:\/\/boutiqueeventos.com.br\/site\/wp-json\/wp\/v2\/product\/3819"}],"collection":[{"href":"https:\/\/boutiqueeventos.com.br\/site\/wp-json\/wp\/v2\/product"}],"about":[{"href":"https:\/\/boutiqueeventos.com.br\/site\/wp-json\/wp\/v2\/types\/product"}],"replies":[{"embeddable":true,"href":"https:\/\/boutiqueeventos.com.br\/site\/wp-json\/wp\/v2\/comments?post=3819"}],"wp:featuredmedia":[{"embeddable":true,"href":"https:\/\/boutiqueeventos.com.br\/site\/wp-json\/wp\/v2\/media\/6787"}],"wp:attachment":[{"href":"https:\/\/boutiqueeventos.com.br\/site\/wp-json\/wp\/v2\/media?parent=3819"}],"wp:term":[{"taxonomy":"product_cat","embeddable":true,"href":"https:\/\/boutiqueeventos.com.br\/site\/wp-json\/wp\/v2\/product_cat?post=3819"},{"taxonomy":"product_tag","embeddable":true,"href":"https:\/\/boutiqueeventos.com.br\/site\/wp-json\/wp\/v2\/product_tag?post=3819"}],"curies":[{"name":"wp","href":"https:\/\/api.w.org\/{rel}","templated":true}]}}