{"id":3830,"date":"2017-11-27T15:47:22","date_gmt":"2017-11-27T17:47:22","guid":{"rendered":"https:\/\/boutiqueeventos.com.br\/site\/index.php\/produto\/cordao-de-luz-50-metros-fio-branco-ref-814\/"},"modified":"2021-02-01T09:28:27","modified_gmt":"2021-02-01T12:28:27","slug":"cordao-de-luz-50-metros-fio-branco-ref-814","status":"publish","type":"product","link":"https:\/\/boutiqueeventos.com.br\/site\/produto\/cordao-de-luz-50-metros-fio-branco-ref-814\/","title":{"rendered":"Cord\u00e3o de luz 100 metros  &#8211; REF 87904"},"content":{"rendered":"<p>Cord\u00e3o de luz 100 metros fio branco ou preto, acompanha as l\u00e2mpadas.<\/p>\n<p>REF: 87904<\/p>\n<p>Descri\u00e7\u00e3o: cord\u00e3o de Luz medindo 100 metros com espa\u00e7amento de 1 metro entre cada l\u00e2mpada.<\/p>\n<p>OBS: consultar o valor de loca\u00e7\u00e3o e tamb\u00e9m de instala\u00e7\u00e3o.<\/p>\n","protected":false},"excerpt":{"rendered":"<p>Cord\u00e3o de luz 100 metros fio branco ou preto, acompanha as l\u00e2mpadas. REF: 87904 Descri\u00e7\u00e3o: cord\u00e3o de Luz medindo 100 metros com espa\u00e7amento de 1 metro entre cada l\u00e2mpada. OBS: consultar o valor de loca\u00e7\u00e3o e tamb\u00e9m de instala\u00e7\u00e3o.<\/p>\n","protected":false},"featured_media":5610,"comment_status":"closed","ping_status":"closed","template":"","meta":[],"product_cat":[123,124],"product_tag":[168],"_links":{"self":[{"href":"https:\/\/boutiqueeventos.com.br\/site\/wp-json\/wp\/v2\/product\/3830"}],"collection":[{"href":"https:\/\/boutiqueeventos.com.br\/site\/wp-json\/wp\/v2\/product"}],"about":[{"href":"https:\/\/boutiqueeventos.com.br\/site\/wp-json\/wp\/v2\/types\/product"}],"replies":[{"embeddable":true,"href":"https:\/\/boutiqueeventos.com.br\/site\/wp-json\/wp\/v2\/comments?post=3830"}],"wp:featuredmedia":[{"embeddable":true,"href":"https:\/\/boutiqueeventos.com.br\/site\/wp-json\/wp\/v2\/media\/5610"}],"wp:attachment":[{"href":"https:\/\/boutiqueeventos.com.br\/site\/wp-json\/wp\/v2\/media?parent=3830"}],"wp:term":[{"taxonomy":"product_cat","embeddable":true,"href":"https:\/\/boutiqueeventos.com.br\/site\/wp-json\/wp\/v2\/product_cat?post=3830"},{"taxonomy":"product_tag","embeddable":true,"href":"https:\/\/boutiqueeventos.com.br\/site\/wp-json\/wp\/v2\/product_tag?post=3830"}],"curies":[{"name":"wp","href":"https:\/\/api.w.org\/{rel}","templated":true}]}}

Cordão de luz 100 metros  &#8211; REF 87904

<p>Cordão de luz 100 metros fio branco ou preto, acompanha as lâmpadas.</p>
<p>REF: 87904</p>
<p>Descrição: cordão de Luz medindo 100 metros com espaçamento de 1 metro entre cada lâmpada.</p>
<p>OBS: consultar o valor de locação e também de instalação.</p>

<p>Cordão de luz 100 metros fio branco ou preto, acompanha as lâmpadas. REF: 87904 Descrição: cordão de Luz medindo 100 metros com espaçamento de 1 metro entre cada lâmpada. OBS: consultar o valor de locação e também de instalação.</p>
