{"id":4144,"date":"2018-08-07T16:23:49","date_gmt":"2018-08-07T19:23:49","guid":{"rendered":"https:\/\/boutiqueeventos.com.br\/site\/index.php\/produto\/vaso-de-ceramica-perola-com-alca-ref-254\/"},"modified":"2021-04-26T09:10:51","modified_gmt":"2021-04-26T12:10:51","slug":"vaso-de-ceramica-perola-com-alca-ref-254","status":"publish","type":"product","link":"https:\/\/boutiqueeventos.com.br\/site\/produto\/vaso-de-ceramica-perola-com-alca-ref-254\/","title":{"rendered":"VASO CER\u00c2MICA P\u00c9ROLA M\u00c9DIO COM AL\u00c7A &#8211; REF 287189"},"content":{"rendered":"<p>VASO DE CER\u00c2MICA P\u00c9ROLA M\u00c9DIO COM AL\u00c7A<\/p>\n<p>REF 287189<\/p>\n<p>MEDIDAS: 26 X 21CM (ALTURA X LARGURA)<\/p>\n<p>MATERIAL: CER\u00c2MICA<\/p>\n<p>COR: P\u00c9ROLA<\/p>\n","protected":false},"excerpt":{"rendered":"<p>VASO DE CER\u00c2MICA P\u00c9ROLA M\u00c9DIO COM AL\u00c7A REF 287189 MEDIDAS: 26 X 21CM (ALTURA X LARGURA) MATERIAL: CER\u00c2MICA COR: P\u00c9ROLA<\/p>\n","protected":false},"featured_media":6670,"comment_status":"closed","ping_status":"closed","template":"","meta":[],"product_cat":[158,176],"product_tag":[],"_links":{"self":[{"href":"https:\/\/boutiqueeventos.com.br\/site\/wp-json\/wp\/v2\/product\/4144"}],"collection":[{"href":"https:\/\/boutiqueeventos.com.br\/site\/wp-json\/wp\/v2\/product"}],"about":[{"href":"https:\/\/boutiqueeventos.com.br\/site\/wp-json\/wp\/v2\/types\/product"}],"replies":[{"embeddable":true,"href":"https:\/\/boutiqueeventos.com.br\/site\/wp-json\/wp\/v2\/comments?post=4144"}],"wp:featuredmedia":[{"embeddable":true,"href":"https:\/\/boutiqueeventos.com.br\/site\/wp-json\/wp\/v2\/media\/6670"}],"wp:attachment":[{"href":"https:\/\/boutiqueeventos.com.br\/site\/wp-json\/wp\/v2\/media?parent=4144"}],"wp:term":[{"taxonomy":"product_cat","embeddable":true,"href":"https:\/\/boutiqueeventos.com.br\/site\/wp-json\/wp\/v2\/product_cat?post=4144"},{"taxonomy":"product_tag","embeddable":true,"href":"https:\/\/boutiqueeventos.com.br\/site\/wp-json\/wp\/v2\/product_tag?post=4144"}],"curies":[{"name":"wp","href":"https:\/\/api.w.org\/{rel}","templated":true}]}}