{"id":4249,"date":"2018-11-20T14:40:18","date_gmt":"2018-11-20T16:40:18","guid":{"rendered":"https:\/\/boutiqueeventos.com.br\/site\/index.php\/produto\/modulo-de-sofa-sem-bracos-ref-974\/"},"modified":"2024-04-15T09:22:51","modified_gmt":"2024-04-15T12:22:51","slug":"modulo-de-sofa-sem-bracos-ref-974","status":"publish","type":"product","link":"https:\/\/boutiqueeventos.com.br\/site\/produto\/modulo-de-sofa-sem-bracos-ref-974\/","title":{"rendered":"M\u00f3dulo de sof\u00e1 com capa (sem bra\u00e7os)- REF  66502"},"content":{"rendered":"<p>M\u00f3dulo de sof\u00e1 com capa (sem bra\u00e7os)<\/p>\n<p>REF \u00a066502<\/p>\n<p>Medidas: 1,00 x 0,80m (largura x profundidade)<\/p>\n<p>Cores: Off White ou Preto<\/p>\n","protected":false},"excerpt":{"rendered":"<p>M\u00f3dulo de sof\u00e1 com capa (sem bra\u00e7os) REF \u00a066502 Medidas: 1,00 x 0,80m (largura x profundidade) Cores: Off White ou Preto<\/p>\n","protected":false},"featured_media":5980,"comment_status":"closed","ping_status":"closed","template":"","meta":[],"product_cat":[147],"product_tag":[],"_links":{"self":[{"href":"https:\/\/boutiqueeventos.com.br\/site\/wp-json\/wp\/v2\/product\/4249"}],"collection":[{"href":"https:\/\/boutiqueeventos.com.br\/site\/wp-json\/wp\/v2\/product"}],"about":[{"href":"https:\/\/boutiqueeventos.com.br\/site\/wp-json\/wp\/v2\/types\/product"}],"replies":[{"embeddable":true,"href":"https:\/\/boutiqueeventos.com.br\/site\/wp-json\/wp\/v2\/comments?post=4249"}],"wp:featuredmedia":[{"embeddable":true,"href":"https:\/\/boutiqueeventos.com.br\/site\/wp-json\/wp\/v2\/media\/5980"}],"wp:attachment":[{"href":"https:\/\/boutiqueeventos.com.br\/site\/wp-json\/wp\/v2\/media?parent=4249"}],"wp:term":[{"taxonomy":"product_cat","embeddable":true,"href":"https:\/\/boutiqueeventos.com.br\/site\/wp-json\/wp\/v2\/product_cat?post=4249"},{"taxonomy":"product_tag","embeddable":true,"href":"https:\/\/boutiqueeventos.com.br\/site\/wp-json\/wp\/v2\/product_tag?post=4249"}],"curies":[{"name":"wp","href":"https:\/\/api.w.org\/{rel}","templated":true}]}}