{"id":4338,"date":"2019-04-02T14:54:22","date_gmt":"2019-04-02T17:54:22","guid":{"rendered":"https:\/\/boutiqueeventos.com.br\/site\/index.php\/produto\/vaso-decor-retangular-flores-cobre-medio-34x15cm-ref-44400\/"},"modified":"2021-04-19T11:28:28","modified_gmt":"2021-04-19T14:28:28","slug":"vaso-decor-retangular-flores-cobre-medio-34x15cm-ref-44400","status":"publish","type":"product","link":"https:\/\/boutiqueeventos.com.br\/site\/produto\/vaso-decor-retangular-flores-cobre-medio-34x15cm-ref-44400\/","title":{"rendered":"Vaso cer\u00e2mica Flores Cobre M\u00e9dio 34x15cm &#8211; REF 44400"},"content":{"rendered":"<p>Vaso cer\u00e2mica Flores Cobre M\u00e9dio<\/p>\n<p>REF 44400<\/p>\n<p>Medidas:\u00a034x15cm<\/p>\n<p>Material: Cer\u00e2mica<\/p>\n<p>Cor: Cobre<\/p>\n","protected":false},"excerpt":{"rendered":"<p>Vaso cer\u00e2mica Flores Cobre M\u00e9dio REF 44400 Medidas:\u00a034x15cm Material: Cer\u00e2mica Cor: Cobre<\/p>\n","protected":false},"featured_media":6604,"comment_status":"closed","ping_status":"closed","template":"","meta":[],"product_cat":[158,127,176],"product_tag":[],"_links":{"self":[{"href":"https:\/\/boutiqueeventos.com.br\/site\/wp-json\/wp\/v2\/product\/4338"}],"collection":[{"href":"https:\/\/boutiqueeventos.com.br\/site\/wp-json\/wp\/v2\/product"}],"about":[{"href":"https:\/\/boutiqueeventos.com.br\/site\/wp-json\/wp\/v2\/types\/product"}],"replies":[{"embeddable":true,"href":"https:\/\/boutiqueeventos.com.br\/site\/wp-json\/wp\/v2\/comments?post=4338"}],"wp:featuredmedia":[{"embeddable":true,"href":"https:\/\/boutiqueeventos.com.br\/site\/wp-json\/wp\/v2\/media\/6604"}],"wp:attachment":[{"href":"https:\/\/boutiqueeventos.com.br\/site\/wp-json\/wp\/v2\/media?parent=4338"}],"wp:term":[{"taxonomy":"product_cat","embeddable":true,"href":"https:\/\/boutiqueeventos.com.br\/site\/wp-json\/wp\/v2\/product_cat?post=4338"},{"taxonomy":"product_tag","embeddable":true,"href":"https:\/\/boutiqueeventos.com.br\/site\/wp-json\/wp\/v2\/product_tag?post=4338"}],"curies":[{"name":"wp","href":"https:\/\/api.w.org\/{rel}","templated":true}]}}