{"id":4435,"date":"2019-04-12T10:49:55","date_gmt":"2019-04-12T13:49:55","guid":{"rendered":"https:\/\/boutiqueeventos.com.br\/site\/index.php\/produto\/vaso-ceramica-etnico-cinza-32x14cm-ref-45631\/"},"modified":"2021-04-20T11:30:43","modified_gmt":"2021-04-20T14:30:43","slug":"vaso-ceramica-etnico-cinza-32x14cm-ref-45631","status":"publish","type":"product","link":"https:\/\/boutiqueeventos.com.br\/site\/produto\/vaso-ceramica-etnico-cinza-32x14cm-ref-45631\/","title":{"rendered":"Vaso Cer\u00e2mica \u00c9tnico Cinza 32x14cm &#8211; REF 45631"},"content":{"rendered":"<p>Vaso Cer\u00e2mica \u00c9tnico Cinza 32x14cm &#8211;<\/p>\n<p>REF 45631<\/p>\n<p>Medidas: 32 x 14cm<\/p>\n<p>Material: Cer\u00e2mica<\/p>\n<p>Cor: Cinza escuro<\/p>\n","protected":false},"excerpt":{"rendered":"<p>Vaso Cer\u00e2mica \u00c9tnico Cinza 32x14cm &#8211; REF 45631 Medidas: 32 x 14cm Material: Cer\u00e2mica Cor: Cinza escuro<\/p>\n","protected":false},"featured_media":6794,"comment_status":"closed","ping_status":"closed","template":"","meta":[],"product_cat":[158,127,176],"product_tag":[],"_links":{"self":[{"href":"https:\/\/boutiqueeventos.com.br\/site\/wp-json\/wp\/v2\/product\/4435"}],"collection":[{"href":"https:\/\/boutiqueeventos.com.br\/site\/wp-json\/wp\/v2\/product"}],"about":[{"href":"https:\/\/boutiqueeventos.com.br\/site\/wp-json\/wp\/v2\/types\/product"}],"replies":[{"embeddable":true,"href":"https:\/\/boutiqueeventos.com.br\/site\/wp-json\/wp\/v2\/comments?post=4435"}],"wp:featuredmedia":[{"embeddable":true,"href":"https:\/\/boutiqueeventos.com.br\/site\/wp-json\/wp\/v2\/media\/6794"}],"wp:attachment":[{"href":"https:\/\/boutiqueeventos.com.br\/site\/wp-json\/wp\/v2\/media?parent=4435"}],"wp:term":[{"taxonomy":"product_cat","embeddable":true,"href":"https:\/\/boutiqueeventos.com.br\/site\/wp-json\/wp\/v2\/product_cat?post=4435"},{"taxonomy":"product_tag","embeddable":true,"href":"https:\/\/boutiqueeventos.com.br\/site\/wp-json\/wp\/v2\/product_tag?post=4435"}],"curies":[{"name":"wp","href":"https:\/\/api.w.org\/{rel}","templated":true}]}}