{"id":4437,"date":"2019-04-12T10:59:40","date_gmt":"2019-04-12T13:59:40","guid":{"rendered":"https:\/\/boutiqueeventos.com.br\/site\/index.php\/produto\/vaso-ceramica-etnico-cinza-e-dourado-baixo-15x19cm-ref-45637\/"},"modified":"2021-04-20T11:22:38","modified_gmt":"2021-04-20T14:22:38","slug":"vaso-ceramica-etnico-cinza-e-dourado-baixo-15x19cm-ref-45637","status":"publish","type":"product","link":"https:\/\/boutiqueeventos.com.br\/site\/produto\/vaso-ceramica-etnico-cinza-e-dourado-baixo-15x19cm-ref-45637\/","title":{"rendered":"Vaso Cer\u00e2mica \u00c9tnico Cinza e dourado baixo &#8211; REF 45637"},"content":{"rendered":"<p>Vaso Cer\u00e2mica \u00c9tnico Cinza e dourado baixo 15x19cm &#8211;<\/p>\n<p>REF 45637<\/p>\n<p>Medidas:\u00a015 x 19cm (altura x largura)<\/p>\n<p>Material: Cer\u00e2mica<\/p>\n<p>Cor: Cinza escuro e dourado<\/p>\n","protected":false},"excerpt":{"rendered":"<p>Vaso Cer\u00e2mica \u00c9tnico Cinza e dourado baixo 15x19cm &#8211; REF 45637 Medidas:\u00a015 x 19cm (altura x largura) Material: Cer\u00e2mica Cor: Cinza escuro e dourado<\/p>\n","protected":false},"featured_media":6790,"comment_status":"closed","ping_status":"closed","template":"","meta":[],"product_cat":[158,127,176],"product_tag":[],"_links":{"self":[{"href":"https:\/\/boutiqueeventos.com.br\/site\/wp-json\/wp\/v2\/product\/4437"}],"collection":[{"href":"https:\/\/boutiqueeventos.com.br\/site\/wp-json\/wp\/v2\/product"}],"about":[{"href":"https:\/\/boutiqueeventos.com.br\/site\/wp-json\/wp\/v2\/types\/product"}],"replies":[{"embeddable":true,"href":"https:\/\/boutiqueeventos.com.br\/site\/wp-json\/wp\/v2\/comments?post=4437"}],"wp:featuredmedia":[{"embeddable":true,"href":"https:\/\/boutiqueeventos.com.br\/site\/wp-json\/wp\/v2\/media\/6790"}],"wp:attachment":[{"href":"https:\/\/boutiqueeventos.com.br\/site\/wp-json\/wp\/v2\/media?parent=4437"}],"wp:term":[{"taxonomy":"product_cat","embeddable":true,"href":"https:\/\/boutiqueeventos.com.br\/site\/wp-json\/wp\/v2\/product_cat?post=4437"},{"taxonomy":"product_tag","embeddable":true,"href":"https:\/\/boutiqueeventos.com.br\/site\/wp-json\/wp\/v2\/product_tag?post=4437"}],"curies":[{"name":"wp","href":"https:\/\/api.w.org\/{rel}","templated":true}]}}