{"id":4590,"date":"2019-06-12T14:38:45","date_gmt":"2019-06-12T17:38:45","guid":{"rendered":"https:\/\/boutiqueeventos.com.br\/site\/index.php\/produto\/castical-provencal-branco-44cm-ref-52516\/"},"modified":"2021-04-12T11:25:47","modified_gmt":"2021-04-12T14:25:47","slug":"castical-provencal-branco-44cm-ref-52516","status":"publish","type":"product","link":"https:\/\/boutiqueeventos.com.br\/site\/produto\/castical-provencal-branco-44cm-ref-52516\/","title":{"rendered":"Casti\u00e7al proven\u00e7al branco 44cm altura &#8211; REF 52516"},"content":{"rendered":"<p>Casti\u00e7al proven\u00e7al branco<\/p>\n<p>REF 52516<\/p>\n<p>Medidas: 44cm (altura)<\/p>\n<p>Cor: Branca<\/p>\n<p>Material: Madeira<\/p>\n","protected":false},"excerpt":{"rendered":"<p>Casti\u00e7al proven\u00e7al branco REF 52516 Medidas: 44cm (altura) Cor: Branca Material: Madeira<\/p>\n","protected":false},"featured_media":6442,"comment_status":"closed","ping_status":"closed","template":"","meta":[],"product_cat":[160,127],"product_tag":[],"_links":{"self":[{"href":"https:\/\/boutiqueeventos.com.br\/site\/wp-json\/wp\/v2\/product\/4590"}],"collection":[{"href":"https:\/\/boutiqueeventos.com.br\/site\/wp-json\/wp\/v2\/product"}],"about":[{"href":"https:\/\/boutiqueeventos.com.br\/site\/wp-json\/wp\/v2\/types\/product"}],"replies":[{"embeddable":true,"href":"https:\/\/boutiqueeventos.com.br\/site\/wp-json\/wp\/v2\/comments?post=4590"}],"wp:featuredmedia":[{"embeddable":true,"href":"https:\/\/boutiqueeventos.com.br\/site\/wp-json\/wp\/v2\/media\/6442"}],"wp:attachment":[{"href":"https:\/\/boutiqueeventos.com.br\/site\/wp-json\/wp\/v2\/media?parent=4590"}],"wp:term":[{"taxonomy":"product_cat","embeddable":true,"href":"https:\/\/boutiqueeventos.com.br\/site\/wp-json\/wp\/v2\/product_cat?post=4590"},{"taxonomy":"product_tag","embeddable":true,"href":"https:\/\/boutiqueeventos.com.br\/site\/wp-json\/wp\/v2\/product_tag?post=4590"}],"curies":[{"name":"wp","href":"https:\/\/api.w.org\/{rel}","templated":true}]}}