{"id":4808,"date":"2019-08-06T15:51:11","date_gmt":"2019-08-06T18:51:11","guid":{"rendered":"https:\/\/boutiqueeventos.com.br\/site\/index.php\/produto\/mesa-buffetconvidados-base-de-ferro-tampo-em-madeira-forrado-250x100x075-ref-62437\/"},"modified":"2021-02-01T15:35:37","modified_gmt":"2021-02-01T18:35:37","slug":"mesa-buffetconvidados-base-de-ferro-tampo-em-madeira-forrado-250x100x075-ref-62437","status":"publish","type":"product","link":"https:\/\/boutiqueeventos.com.br\/site\/produto\/mesa-buffetconvidados-base-de-ferro-tampo-em-madeira-forrado-250x100x075-ref-62437\/","title":{"rendered":"Mesa retangular base de ferro tampo em madeira forrado 2,50&#215;1,00&#215;0,75 REF 62437"},"content":{"rendered":"<p>Mesa retangular base de ferro tampo em madeira forrado<\/p>\n<p>REF 62437<\/p>\n<p>Medidas: 2,50 x 1,00 x 0,75 (comprimento x largura x altura)<\/p>\n<p>Material: Tampo em madeira forrado e base em ferro (base quadrada ou c\u00f4nica).<\/p>\n<p>Cor: tecidos para forra\u00e7\u00e3o sob consulta (verificar disponibilidade de cores).<\/p>\n","protected":false},"excerpt":{"rendered":"<p>Mesa retangular base de ferro tampo em madeira forrado REF 62437 Medidas: 2,50 x 1,00 x 0,75 (comprimento x largura x altura) Material: Tampo em madeira forrado e base em ferro (base quadrada ou c\u00f4nica). Cor: tecidos para forra\u00e7\u00e3o sob consulta (verificar disponibilidade de cores).<\/p>\n","protected":false},"featured_media":5644,"comment_status":"closed","ping_status":"closed","template":"","meta":[],"product_cat":[139,126],"product_tag":[],"_links":{"self":[{"href":"https:\/\/boutiqueeventos.com.br\/site\/wp-json\/wp\/v2\/product\/4808"}],"collection":[{"href":"https:\/\/boutiqueeventos.com.br\/site\/wp-json\/wp\/v2\/product"}],"about":[{"href":"https:\/\/boutiqueeventos.com.br\/site\/wp-json\/wp\/v2\/types\/product"}],"replies":[{"embeddable":true,"href":"https:\/\/boutiqueeventos.com.br\/site\/wp-json\/wp\/v2\/comments?post=4808"}],"wp:featuredmedia":[{"embeddable":true,"href":"https:\/\/boutiqueeventos.com.br\/site\/wp-json\/wp\/v2\/media\/5644"}],"wp:attachment":[{"href":"https:\/\/boutiqueeventos.com.br\/site\/wp-json\/wp\/v2\/media?parent=4808"}],"wp:term":[{"taxonomy":"product_cat","embeddable":true,"href":"https:\/\/boutiqueeventos.com.br\/site\/wp-json\/wp\/v2\/product_cat?post=4808"},{"taxonomy":"product_tag","embeddable":true,"href":"https:\/\/boutiqueeventos.com.br\/site\/wp-json\/wp\/v2\/product_tag?post=4808"}],"curies":[{"name":"wp","href":"https:\/\/api.w.org\/{rel}","templated":true}]}}