{"id":5031,"date":"2019-10-07T10:52:11","date_gmt":"2019-10-07T13:52:11","guid":{"rendered":"https:\/\/boutiqueeventos.com.br\/site\/index.php\/produto\/puff-redondo-040cm-diametro-cores-variadas-ref-66537\/"},"modified":"2021-02-22T12:16:09","modified_gmt":"2021-02-22T15:16:09","slug":"puff-redondo-040cm-diametro-cores-variadas-ref-66537","status":"publish","type":"product","link":"https:\/\/boutiqueeventos.com.br\/site\/produto\/puff-redondo-040cm-diametro-cores-variadas-ref-66537\/","title":{"rendered":"Puff redondo 40cm di\u00e2metro cores variadas &#8211; REF 66537"},"content":{"rendered":"<p>Puff redondo 40cm di\u00e2metro cores variadas &#8211;<\/p>\n<p>REF 66537<\/p>\n<div id=\"product-tab\" class=\"woocommerce-tabs woocommerce-tabs-5uuee7fz4lymy1s0b7j7on1mpz8n408\">\n<div class=\"resp-tabs-container\">\n<div id=\"tab-description\" class=\"tab-content resp-tab-content resp-tab-content-active\">\n<p>Medidas: 0,40 x 0,45 (di\u00e2metro x altura)<\/p>\n<p>Material: puff estruturado em madeira, revestido com espuma e capa em tecido.<\/p>\n<p>OBS: Dispon\u00edveis nas cores branco, preto, verde lim\u00e3o, vermelho, laranja, pink, roxo e etc..<\/p>\n<\/div>\n<\/div>\n<\/div>\n<div class=\"related products\"><\/div>\n","protected":false},"excerpt":{"rendered":"<p>Puff redondo 40cm di\u00e2metro cores variadas &#8211; REF 66537 Medidas: 0,40 x 0,45 (di\u00e2metro x altura) Material: puff estruturado em madeira, revestido com espuma e capa em tecido. OBS: Dispon\u00edveis nas cores branco, preto, verde lim\u00e3o, vermelho, laranja, pink, roxo e etc..<\/p>\n","protected":false},"featured_media":5942,"comment_status":"closed","ping_status":"closed","template":"","meta":[],"product_cat":[146],"product_tag":[],"_links":{"self":[{"href":"https:\/\/boutiqueeventos.com.br\/site\/wp-json\/wp\/v2\/product\/5031"}],"collection":[{"href":"https:\/\/boutiqueeventos.com.br\/site\/wp-json\/wp\/v2\/product"}],"about":[{"href":"https:\/\/boutiqueeventos.com.br\/site\/wp-json\/wp\/v2\/types\/product"}],"replies":[{"embeddable":true,"href":"https:\/\/boutiqueeventos.com.br\/site\/wp-json\/wp\/v2\/comments?post=5031"}],"wp:featuredmedia":[{"embeddable":true,"href":"https:\/\/boutiqueeventos.com.br\/site\/wp-json\/wp\/v2\/media\/5942"}],"wp:attachment":[{"href":"https:\/\/boutiqueeventos.com.br\/site\/wp-json\/wp\/v2\/media?parent=5031"}],"wp:term":[{"taxonomy":"product_cat","embeddable":true,"href":"https:\/\/boutiqueeventos.com.br\/site\/wp-json\/wp\/v2\/product_cat?post=5031"},{"taxonomy":"product_tag","embeddable":true,"href":"https:\/\/boutiqueeventos.com.br\/site\/wp-json\/wp\/v2\/product_tag?post=5031"}],"curies":[{"name":"wp","href":"https:\/\/api.w.org\/{rel}","templated":true}]}}