{"id":6018,"date":"2021-02-25T09:52:13","date_gmt":"2021-02-25T12:52:13","guid":{"rendered":"https:\/\/boutiqueeventos.com.br\/site\/?post_type=product&#038;p=6018"},"modified":"2024-01-23T09:33:12","modified_gmt":"2024-01-23T12:33:12","slug":"portal-de-entrada-para-cerimonia-ref-263790","status":"publish","type":"product","link":"https:\/\/boutiqueeventos.com.br\/site\/produto\/portal-de-entrada-para-cerimonia-ref-263790\/","title":{"rendered":"Portal de entrada para cerim\u00f4nia &#8211; REF 263790"},"content":{"rendered":"<p>Portal de entrada para cerim\u00f4nia &#8211; N\u00c3O ACOMPANHA DECORA\u00c7\u00c3O FLORAL<\/p>\n<p>REF 263790<\/p>\n<p>Medidas:<\/p>\n<ul>\n<li>estrutura completa\u00a0 2,80 x 2,35 (largura x altura)<\/li>\n<li>largura entre portas 1,60 x 2,10 altura<\/li>\n<\/ul>\n<p>Material: Estrutura em madeira natural e portas brancas<\/p>\n<p>OBS: Necessita de contrapeso na base, ou fixa\u00e7\u00e3o por arames<\/p>\n","protected":false},"excerpt":{"rendered":"<p>Portal de entrada para cerim\u00f4nia &#8211; N\u00c3O ACOMPANHA DECORA\u00c7\u00c3O FLORAL REF 263790 Medidas: estrutura completa\u00a0 2,80 x 2,35 (largura x altura) largura entre portas 1,60 x 2,10 altura Material: Estrutura em madeira natural e portas brancas OBS: Necessita de contrapeso na base, ou fixa\u00e7\u00e3o por&#8230;<\/p>\n","protected":false},"featured_media":6019,"comment_status":"open","ping_status":"closed","template":"","meta":[],"product_cat":[136],"product_tag":[],"_links":{"self":[{"href":"https:\/\/boutiqueeventos.com.br\/site\/wp-json\/wp\/v2\/product\/6018"}],"collection":[{"href":"https:\/\/boutiqueeventos.com.br\/site\/wp-json\/wp\/v2\/product"}],"about":[{"href":"https:\/\/boutiqueeventos.com.br\/site\/wp-json\/wp\/v2\/types\/product"}],"replies":[{"embeddable":true,"href":"https:\/\/boutiqueeventos.com.br\/site\/wp-json\/wp\/v2\/comments?post=6018"}],"wp:featuredmedia":[{"embeddable":true,"href":"https:\/\/boutiqueeventos.com.br\/site\/wp-json\/wp\/v2\/media\/6019"}],"wp:attachment":[{"href":"https:\/\/boutiqueeventos.com.br\/site\/wp-json\/wp\/v2\/media?parent=6018"}],"wp:term":[{"taxonomy":"product_cat","embeddable":true,"href":"https:\/\/boutiqueeventos.com.br\/site\/wp-json\/wp\/v2\/product_cat?post=6018"},{"taxonomy":"product_tag","embeddable":true,"href":"https:\/\/boutiqueeventos.com.br\/site\/wp-json\/wp\/v2\/product_tag?post=6018"}],"curies":[{"name":"wp","href":"https:\/\/api.w.org\/{rel}","templated":true}]}}

Portal de entrada para cerimônia &#8211; REF 263790

<p>Portal de entrada para cerimônia &#8211; NÃO ACOMPANHA DECORAÇÃO FLORAL</p>
<p>REF 263790</p>
<p>Medidas:</p>
<ul>
<li>estrutura completa  2,80 x 2,35 (largura x altura)</li>
<li>largura entre portas 1,60 x 2,10 altura</li>
</ul>
<p>Material: Estrutura em madeira natural e portas brancas</p>
<p>OBS: Necessita de contrapeso na base, ou fixação por arames</p>

<p>Portal de entrada para cerimônia &#8211; NÃO ACOMPANHA DECORAÇÃO FLORAL REF 263790 Medidas: estrutura completa  2,80 x 2,35 (largura x altura) largura entre portas 1,60 x 2,10 altura Material: Estrutura em madeira natural e portas brancas OBS: Necessita de contrapeso na base, ou fixação por&#8230;</p>
