{"id":6190,"date":"2021-03-05T10:32:35","date_gmt":"2021-03-05T13:32:35","guid":{"rendered":"https:\/\/boutiqueeventos.com.br\/site\/?post_type=product&#038;p=6190"},"modified":"2024-02-15T16:16:25","modified_gmt":"2024-02-15T19:16:25","slug":"almofada-lilas-claro-lisa-ref-268231","status":"publish","type":"product","link":"https:\/\/boutiqueeventos.com.br\/site\/produto\/almofada-lilas-claro-lisa-ref-268231\/","title":{"rendered":"Almofada Lil\u00e1s claro lisa &#8211; REF 268231"},"content":{"rendered":"<p>Almofada Lil\u00e1s claro lisa<\/p>\n<p>REF 268231<\/p>\n<p>Material: Gorgur\u00e3o<\/p>\n<p>Cor: Lil\u00e1s Claro<\/p>\n<p>Medidas: 45x45cm<\/p>\n","protected":false},"excerpt":{"rendered":"<p>Almofada Lil\u00e1s claro lisa REF 268231 Material: Gorgur\u00e3o Cor: Lil\u00e1s Claro Medidas: 45x45cm<\/p>\n","protected":false},"featured_media":8908,"comment_status":"open","ping_status":"closed","template":"","meta":[],"product_cat":[167],"product_tag":[],"_links":{"self":[{"href":"https:\/\/boutiqueeventos.com.br\/site\/wp-json\/wp\/v2\/product\/6190"}],"collection":[{"href":"https:\/\/boutiqueeventos.com.br\/site\/wp-json\/wp\/v2\/product"}],"about":[{"href":"https:\/\/boutiqueeventos.com.br\/site\/wp-json\/wp\/v2\/types\/product"}],"replies":[{"embeddable":true,"href":"https:\/\/boutiqueeventos.com.br\/site\/wp-json\/wp\/v2\/comments?post=6190"}],"wp:featuredmedia":[{"embeddable":true,"href":"https:\/\/boutiqueeventos.com.br\/site\/wp-json\/wp\/v2\/media\/8908"}],"wp:attachment":[{"href":"https:\/\/boutiqueeventos.com.br\/site\/wp-json\/wp\/v2\/media?parent=6190"}],"wp:term":[{"taxonomy":"product_cat","embeddable":true,"href":"https:\/\/boutiqueeventos.com.br\/site\/wp-json\/wp\/v2\/product_cat?post=6190"},{"taxonomy":"product_tag","embeddable":true,"href":"https:\/\/boutiqueeventos.com.br\/site\/wp-json\/wp\/v2\/product_tag?post=6190"}],"curies":[{"name":"wp","href":"https:\/\/api.w.org\/{rel}","templated":true}]}}