{"id":6214,"date":"2021-03-05T16:18:39","date_gmt":"2021-03-05T19:18:39","guid":{"rendered":"https:\/\/boutiqueeventos.com.br\/site\/?post_type=product&#038;p=6214"},"modified":"2024-02-15T16:08:16","modified_gmt":"2024-02-15T19:08:16","slug":"almofada-amendoa-shantung-lisa-ref-268359","status":"publish","type":"product","link":"https:\/\/boutiqueeventos.com.br\/site\/produto\/almofada-amendoa-shantung-lisa-ref-268359\/","title":{"rendered":"Almofada Am\u00eandoa lisa gorgur\u00e3o &#8211; REF 268359"},"content":{"rendered":"<p>Almofada Am\u00eandoa lisa gorgur\u00e3o<\/p>\n<p>REF 268359<\/p>\n<p>Material: Gorgur\u00e3o<\/p>\n<p>Cor: Am\u00eandoa<\/p>\n<p>Medidas: 45x45cm<\/p>\n<p>&nbsp;<\/p>\n","protected":false},"excerpt":{"rendered":"<p>Almofada Am\u00eandoa lisa gorgur\u00e3o REF 268359 Material: Gorgur\u00e3o Cor: Am\u00eandoa Medidas: 45x45cm &nbsp;<\/p>\n","protected":false},"featured_media":8901,"comment_status":"open","ping_status":"closed","template":"","meta":[],"product_cat":[167],"product_tag":[],"_links":{"self":[{"href":"https:\/\/boutiqueeventos.com.br\/site\/wp-json\/wp\/v2\/product\/6214"}],"collection":[{"href":"https:\/\/boutiqueeventos.com.br\/site\/wp-json\/wp\/v2\/product"}],"about":[{"href":"https:\/\/boutiqueeventos.com.br\/site\/wp-json\/wp\/v2\/types\/product"}],"replies":[{"embeddable":true,"href":"https:\/\/boutiqueeventos.com.br\/site\/wp-json\/wp\/v2\/comments?post=6214"}],"wp:featuredmedia":[{"embeddable":true,"href":"https:\/\/boutiqueeventos.com.br\/site\/wp-json\/wp\/v2\/media\/8901"}],"wp:attachment":[{"href":"https:\/\/boutiqueeventos.com.br\/site\/wp-json\/wp\/v2\/media?parent=6214"}],"wp:term":[{"taxonomy":"product_cat","embeddable":true,"href":"https:\/\/boutiqueeventos.com.br\/site\/wp-json\/wp\/v2\/product_cat?post=6214"},{"taxonomy":"product_tag","embeddable":true,"href":"https:\/\/boutiqueeventos.com.br\/site\/wp-json\/wp\/v2\/product_tag?post=6214"}],"curies":[{"name":"wp","href":"https:\/\/api.w.org\/{rel}","templated":true}]}}