{"id":8080,"date":"2023-02-14T21:22:02","date_gmt":"2023-02-15T00:22:02","guid":{"rendered":"https:\/\/boutiqueeventos.com.br\/site\/?post_type=product&#038;p=8080"},"modified":"2024-01-23T09:33:11","modified_gmt":"2024-01-23T12:33:11","slug":"sofa-curve-suede-verde-ref-133623","status":"publish","type":"product","link":"https:\/\/boutiqueeventos.com.br\/site\/produto\/sofa-curve-suede-verde-ref-133623\/","title":{"rendered":"Sof\u00e1 Curve Suede Verde &#8211; REF 133623"},"content":{"rendered":"<p>Sof\u00e1 modular em formato curvo, estofado em suede macio.<\/p>\n<p>Acompanha 6 almofadas redondas.<\/p>\n<p>Medidas sof\u00e1 completo (02 m\u00f3dulos): 4,00&#215;0,80&#215;0,90cm (comprimento x profundidade x altura)<\/p>\n<p>Medidas m\u00f3dulo: 2,00&#215;0,80&#215;0,90cm (comprimento x profundidade x altura)<\/p>\n<p>Material: Suede<\/p>\n<p>Cor: Verde<\/p>\n","protected":false},"excerpt":{"rendered":"<p>Sof\u00e1 modular em formato curvo, estofado em suede macio. Acompanha 6 almofadas redondas. Medidas sof\u00e1 completo (02 m\u00f3dulos): 4,00&#215;0,80&#215;0,90cm (comprimento x profundidade x altura) Medidas m\u00f3dulo: 2,00&#215;0,80&#215;0,90cm (comprimento x profundidade x altura) Material: Suede Cor: Verde<\/p>\n","protected":false},"featured_media":8081,"comment_status":"open","ping_status":"closed","template":"","meta":[],"product_cat":[147],"product_tag":[],"_links":{"self":[{"href":"https:\/\/boutiqueeventos.com.br\/site\/wp-json\/wp\/v2\/product\/8080"}],"collection":[{"href":"https:\/\/boutiqueeventos.com.br\/site\/wp-json\/wp\/v2\/product"}],"about":[{"href":"https:\/\/boutiqueeventos.com.br\/site\/wp-json\/wp\/v2\/types\/product"}],"replies":[{"embeddable":true,"href":"https:\/\/boutiqueeventos.com.br\/site\/wp-json\/wp\/v2\/comments?post=8080"}],"wp:featuredmedia":[{"embeddable":true,"href":"https:\/\/boutiqueeventos.com.br\/site\/wp-json\/wp\/v2\/media\/8081"}],"wp:attachment":[{"href":"https:\/\/boutiqueeventos.com.br\/site\/wp-json\/wp\/v2\/media?parent=8080"}],"wp:term":[{"taxonomy":"product_cat","embeddable":true,"href":"https:\/\/boutiqueeventos.com.br\/site\/wp-json\/wp\/v2\/product_cat?post=8080"},{"taxonomy":"product_tag","embeddable":true,"href":"https:\/\/boutiqueeventos.com.br\/site\/wp-json\/wp\/v2\/product_tag?post=8080"}],"curies":[{"name":"wp","href":"https:\/\/api.w.org\/{rel}","templated":true}]}}

Sofá Curve Suede Verde &#8211; REF 133623

<p>Sofá modular em formato curvo, estofado em suede macio.</p>
<p>Acompanha 6 almofadas redondas.</p>
<p>Medidas sofá completo (02 módulos): 4,00&#215;0,80&#215;0,90cm (comprimento x profundidade x altura)</p>
<p>Medidas módulo: 2,00&#215;0,80&#215;0,90cm (comprimento x profundidade x altura)</p>
<p>Material: Suede</p>
<p>Cor: Verde</p>

<p>Sofá modular em formato curvo, estofado em suede macio. Acompanha 6 almofadas redondas. Medidas sofá completo (02 módulos): 4,00&#215;0,80&#215;0,90cm (comprimento x profundidade x altura) Medidas módulo: 2,00&#215;0,80&#215;0,90cm (comprimento x profundidade x altura) Material: Suede Cor: Verde</p>
