{"id":8476,"date":"2023-08-21T15:30:45","date_gmt":"2023-08-21T18:30:45","guid":{"rendered":"https:\/\/boutiqueeventos.com.br\/site\/?post_type=product&#038;p=8476"},"modified":"2023-08-21T15:46:27","modified_gmt":"2023-08-21T18:46:27","slug":"vaso-ceramica-azul-egeo-m-ref-724788","status":"publish","type":"product","link":"https:\/\/boutiqueeventos.com.br\/site\/produto\/vaso-ceramica-azul-egeo-m-ref-724788\/","title":{"rendered":"Vaso Cer\u00e2mica Azul Egeo M &#8211; REF 724788"},"content":{"rendered":"<p>Vaso Cer\u00e2mica Azul Egeo M<\/p>\n<p>REF 724788<\/p>\n<p>Medidas: 21x15cm (Altura x Di\u00e2metro)<\/p>\n<p>Material: Cer\u00e2mica<\/p>\n<p>Cor: Azul Claro<\/p>\n","protected":false},"excerpt":{"rendered":"<p>Vaso Cer\u00e2mica Azul Egeo M REF 724788 Medidas: 21x15cm (Altura x Di\u00e2metro) Material: Cer\u00e2mica Cor: Azul Claro<\/p>\n","protected":false},"featured_media":8477,"comment_status":"open","ping_status":"closed","template":"","meta":[],"product_cat":[158],"product_tag":[],"_links":{"self":[{"href":"https:\/\/boutiqueeventos.com.br\/site\/wp-json\/wp\/v2\/product\/8476"}],"collection":[{"href":"https:\/\/boutiqueeventos.com.br\/site\/wp-json\/wp\/v2\/product"}],"about":[{"href":"https:\/\/boutiqueeventos.com.br\/site\/wp-json\/wp\/v2\/types\/product"}],"replies":[{"embeddable":true,"href":"https:\/\/boutiqueeventos.com.br\/site\/wp-json\/wp\/v2\/comments?post=8476"}],"wp:featuredmedia":[{"embeddable":true,"href":"https:\/\/boutiqueeventos.com.br\/site\/wp-json\/wp\/v2\/media\/8477"}],"wp:attachment":[{"href":"https:\/\/boutiqueeventos.com.br\/site\/wp-json\/wp\/v2\/media?parent=8476"}],"wp:term":[{"taxonomy":"product_cat","embeddable":true,"href":"https:\/\/boutiqueeventos.com.br\/site\/wp-json\/wp\/v2\/product_cat?post=8476"},{"taxonomy":"product_tag","embeddable":true,"href":"https:\/\/boutiqueeventos.com.br\/site\/wp-json\/wp\/v2\/product_tag?post=8476"}],"curies":[{"name":"wp","href":"https:\/\/api.w.org\/{rel}","templated":true}]}}