{"id":8487,"date":"2023-08-21T16:37:40","date_gmt":"2023-08-21T19:37:40","guid":{"rendered":"https:\/\/boutiqueeventos.com.br\/site\/?post_type=product&#038;p=8487"},"modified":"2023-08-22T10:38:02","modified_gmt":"2023-08-22T13:38:02","slug":"vaso-ceramica-obelisco-m-ref-724864","status":"publish","type":"product","link":"https:\/\/boutiqueeventos.com.br\/site\/produto\/vaso-ceramica-obelisco-m-ref-724864\/","title":{"rendered":"Garrafa Cer\u00e2mica Obelisco M &#8211; REF 724864"},"content":{"rendered":"<p>Garrafa Cer\u00e2mica Obelisco M<\/p>\n<p>REF 724864<\/p>\n<p>Medidas: 25x10cm (Altura x Di\u00e2metro)<\/p>\n<p>Material: Cer\u00e2mica<\/p>\n<p>Cor: Azul mescla<\/p>\n","protected":false},"excerpt":{"rendered":"<p>Garrafa Cer\u00e2mica Obelisco M REF 724864 Medidas: 25x10cm (Altura x Di\u00e2metro) Material: Cer\u00e2mica Cor: Azul mescla<\/p>\n","protected":false},"featured_media":8488,"comment_status":"open","ping_status":"closed","template":"","meta":[],"product_cat":[158],"product_tag":[],"_links":{"self":[{"href":"https:\/\/boutiqueeventos.com.br\/site\/wp-json\/wp\/v2\/product\/8487"}],"collection":[{"href":"https:\/\/boutiqueeventos.com.br\/site\/wp-json\/wp\/v2\/product"}],"about":[{"href":"https:\/\/boutiqueeventos.com.br\/site\/wp-json\/wp\/v2\/types\/product"}],"replies":[{"embeddable":true,"href":"https:\/\/boutiqueeventos.com.br\/site\/wp-json\/wp\/v2\/comments?post=8487"}],"wp:featuredmedia":[{"embeddable":true,"href":"https:\/\/boutiqueeventos.com.br\/site\/wp-json\/wp\/v2\/media\/8488"}],"wp:attachment":[{"href":"https:\/\/boutiqueeventos.com.br\/site\/wp-json\/wp\/v2\/media?parent=8487"}],"wp:term":[{"taxonomy":"product_cat","embeddable":true,"href":"https:\/\/boutiqueeventos.com.br\/site\/wp-json\/wp\/v2\/product_cat?post=8487"},{"taxonomy":"product_tag","embeddable":true,"href":"https:\/\/boutiqueeventos.com.br\/site\/wp-json\/wp\/v2\/product_tag?post=8487"}],"curies":[{"name":"wp","href":"https:\/\/api.w.org\/{rel}","templated":true}]}}