{"id":8496,"date":"2023-08-22T09:24:25","date_gmt":"2023-08-22T12:24:25","guid":{"rendered":"https:\/\/boutiqueeventos.com.br\/site\/?post_type=product&#038;p=8496"},"modified":"2023-08-22T09:24:25","modified_gmt":"2023-08-22T12:24:25","slug":"vaso-ceramica-israel-cachepot-p11-ref-725002","status":"publish","type":"product","link":"https:\/\/boutiqueeventos.com.br\/site\/produto\/vaso-ceramica-israel-cachepot-p11-ref-725002\/","title":{"rendered":"Vaso Cer\u00e2mica Israel Cachepot P11 &#8211; REF 725002"},"content":{"rendered":"<p>Vaso Cer\u00e2mica Israel Cachepot P11<\/p>\n<p>REF 725002<\/p>\n<p>Medidas: 13x14cm (Altura x Di\u00e2metro)<\/p>\n<p>Material: Cer\u00e2mica<\/p>\n<p>Cor: Nude\/Cinza mescla<\/p>\n","protected":false},"excerpt":{"rendered":"<p>Vaso Cer\u00e2mica Israel Cachepot P11 REF 725002 Medidas: 13x14cm (Altura x Di\u00e2metro) Material: Cer\u00e2mica Cor: Nude\/Cinza mescla<\/p>\n","protected":false},"featured_media":8497,"comment_status":"open","ping_status":"closed","template":"","meta":[],"product_cat":[158],"product_tag":[],"_links":{"self":[{"href":"https:\/\/boutiqueeventos.com.br\/site\/wp-json\/wp\/v2\/product\/8496"}],"collection":[{"href":"https:\/\/boutiqueeventos.com.br\/site\/wp-json\/wp\/v2\/product"}],"about":[{"href":"https:\/\/boutiqueeventos.com.br\/site\/wp-json\/wp\/v2\/types\/product"}],"replies":[{"embeddable":true,"href":"https:\/\/boutiqueeventos.com.br\/site\/wp-json\/wp\/v2\/comments?post=8496"}],"wp:featuredmedia":[{"embeddable":true,"href":"https:\/\/boutiqueeventos.com.br\/site\/wp-json\/wp\/v2\/media\/8497"}],"wp:attachment":[{"href":"https:\/\/boutiqueeventos.com.br\/site\/wp-json\/wp\/v2\/media?parent=8496"}],"wp:term":[{"taxonomy":"product_cat","embeddable":true,"href":"https:\/\/boutiqueeventos.com.br\/site\/wp-json\/wp\/v2\/product_cat?post=8496"},{"taxonomy":"product_tag","embeddable":true,"href":"https:\/\/boutiqueeventos.com.br\/site\/wp-json\/wp\/v2\/product_tag?post=8496"}],"curies":[{"name":"wp","href":"https:\/\/api.w.org\/{rel}","templated":true}]}}