{"id":8499,"date":"2023-08-22T09:59:30","date_gmt":"2023-08-22T12:59:30","guid":{"rendered":"https:\/\/boutiqueeventos.com.br\/site\/?post_type=product&#038;p=8499"},"modified":"2023-08-22T10:32:44","modified_gmt":"2023-08-22T13:32:44","slug":"vaso-ceramica-capadocia-g-ref-725007","status":"publish","type":"product","link":"https:\/\/boutiqueeventos.com.br\/site\/produto\/vaso-ceramica-capadocia-g-ref-725007\/","title":{"rendered":"Vaso Cer\u00e2mica Capad\u00f3cia G &#8211; REF 725007"},"content":{"rendered":"<p>Vaso Cer\u00e2mica Capad\u00f3cia G<\/p>\n<p>REF 725007<\/p>\n<p>Medidas: 20x14cm (Altura x Di\u00e2metro)<\/p>\n<p>Material: Cer\u00e2mica esmaltada<\/p>\n<p>Cor: Nude\/Areia mescla<\/p>\n","protected":false},"excerpt":{"rendered":"<p>Vaso Cer\u00e2mica Capad\u00f3cia G REF 725007 Medidas: 20x14cm (Altura x Di\u00e2metro) Material: Cer\u00e2mica esmaltada Cor: Nude\/Areia mescla<\/p>\n","protected":false},"featured_media":8500,"comment_status":"open","ping_status":"closed","template":"","meta":[],"product_cat":[158],"product_tag":[],"_links":{"self":[{"href":"https:\/\/boutiqueeventos.com.br\/site\/wp-json\/wp\/v2\/product\/8499"}],"collection":[{"href":"https:\/\/boutiqueeventos.com.br\/site\/wp-json\/wp\/v2\/product"}],"about":[{"href":"https:\/\/boutiqueeventos.com.br\/site\/wp-json\/wp\/v2\/types\/product"}],"replies":[{"embeddable":true,"href":"https:\/\/boutiqueeventos.com.br\/site\/wp-json\/wp\/v2\/comments?post=8499"}],"wp:featuredmedia":[{"embeddable":true,"href":"https:\/\/boutiqueeventos.com.br\/site\/wp-json\/wp\/v2\/media\/8500"}],"wp:attachment":[{"href":"https:\/\/boutiqueeventos.com.br\/site\/wp-json\/wp\/v2\/media?parent=8499"}],"wp:term":[{"taxonomy":"product_cat","embeddable":true,"href":"https:\/\/boutiqueeventos.com.br\/site\/wp-json\/wp\/v2\/product_cat?post=8499"},{"taxonomy":"product_tag","embeddable":true,"href":"https:\/\/boutiqueeventos.com.br\/site\/wp-json\/wp\/v2\/product_tag?post=8499"}],"curies":[{"name":"wp","href":"https:\/\/api.w.org\/{rel}","templated":true}]}}