{"id":8561,"date":"2023-08-24T14:28:53","date_gmt":"2023-08-24T17:28:53","guid":{"rendered":"https:\/\/boutiqueeventos.com.br\/site\/?post_type=product&#038;p=8561"},"modified":"2023-08-24T14:28:54","modified_gmt":"2023-08-24T17:28:54","slug":"vaso-ceramica-modena-p-ref-726419","status":"publish","type":"product","link":"https:\/\/boutiqueeventos.com.br\/site\/produto\/vaso-ceramica-modena-p-ref-726419\/","title":{"rendered":"Vaso cer\u00e2mica Modena P &#8211; REF 726419"},"content":{"rendered":"<table id=\"tblProduto\" class=\"table table-hover table-condensed dataTable no-footer dtr-inline collapsed\" role=\"grid\" aria-describedby=\"tblProduto_info\">\n<tbody>\n<tr class=\"odd\" role=\"row\">\n<td>Vaso cer\u00e2mica Modena P<\/p>\n<p>REF 726419<\/p>\n<p>Medidas: 20&#215;16 (Altura x Di\u00e2metro)<\/p>\n<p>Material: Cer\u00e2mica<\/p>\n<p>Cor: Grafite<\/td>\n<\/tr>\n<\/tbody>\n<\/table>\n","protected":false},"excerpt":{"rendered":"<p>Vaso cer\u00e2mica Modena P REF 726419 Medidas: 20&#215;16 (Altura x Di\u00e2metro) Material: Cer\u00e2mica Cor: Grafite<\/p>\n","protected":false},"featured_media":8562,"comment_status":"open","ping_status":"closed","template":"","meta":[],"product_cat":[158],"product_tag":[],"_links":{"self":[{"href":"https:\/\/boutiqueeventos.com.br\/site\/wp-json\/wp\/v2\/product\/8561"}],"collection":[{"href":"https:\/\/boutiqueeventos.com.br\/site\/wp-json\/wp\/v2\/product"}],"about":[{"href":"https:\/\/boutiqueeventos.com.br\/site\/wp-json\/wp\/v2\/types\/product"}],"replies":[{"embeddable":true,"href":"https:\/\/boutiqueeventos.com.br\/site\/wp-json\/wp\/v2\/comments?post=8561"}],"wp:featuredmedia":[{"embeddable":true,"href":"https:\/\/boutiqueeventos.com.br\/site\/wp-json\/wp\/v2\/media\/8562"}],"wp:attachment":[{"href":"https:\/\/boutiqueeventos.com.br\/site\/wp-json\/wp\/v2\/media?parent=8561"}],"wp:term":[{"taxonomy":"product_cat","embeddable":true,"href":"https:\/\/boutiqueeventos.com.br\/site\/wp-json\/wp\/v2\/product_cat?post=8561"},{"taxonomy":"product_tag","embeddable":true,"href":"https:\/\/boutiqueeventos.com.br\/site\/wp-json\/wp\/v2\/product_tag?post=8561"}],"curies":[{"name":"wp","href":"https:\/\/api.w.org\/{rel}","templated":true}]}}