{"id":8840,"date":"2024-02-05T14:50:49","date_gmt":"2024-02-05T17:50:49","guid":{"rendered":"https:\/\/boutiqueeventos.com.br\/site\/?post_type=product&#038;p=8840"},"modified":"2024-02-05T14:50:49","modified_gmt":"2024-02-05T17:50:49","slug":"bandeja-vidro-coracao-ref-809582","status":"publish","type":"product","link":"https:\/\/boutiqueeventos.com.br\/site\/produto\/bandeja-vidro-coracao-ref-809582\/","title":{"rendered":"Bandeja vidro cora\u00e7\u00e3o &#8211; REF 809582"},"content":{"rendered":"<p>Bandeja vidro cora\u00e7\u00e3o<\/p>\n<p>REF 809582<\/p>\n<p>Material: Vidro<\/p>\n<p>Cor: Transparente<\/p>\n<p>Medidas: 18x18cm (altura x largura)<\/p>\n","protected":false},"excerpt":{"rendered":"<p>Bandeja vidro cora\u00e7\u00e3o REF 809582 Material: Vidro Cor: Transparente Medidas: 18x18cm (altura x largura)<\/p>\n","protected":false},"featured_media":8841,"comment_status":"open","ping_status":"closed","template":"","meta":[],"product_cat":[181],"product_tag":[],"_links":{"self":[{"href":"https:\/\/boutiqueeventos.com.br\/site\/wp-json\/wp\/v2\/product\/8840"}],"collection":[{"href":"https:\/\/boutiqueeventos.com.br\/site\/wp-json\/wp\/v2\/product"}],"about":[{"href":"https:\/\/boutiqueeventos.com.br\/site\/wp-json\/wp\/v2\/types\/product"}],"replies":[{"embeddable":true,"href":"https:\/\/boutiqueeventos.com.br\/site\/wp-json\/wp\/v2\/comments?post=8840"}],"wp:featuredmedia":[{"embeddable":true,"href":"https:\/\/boutiqueeventos.com.br\/site\/wp-json\/wp\/v2\/media\/8841"}],"wp:attachment":[{"href":"https:\/\/boutiqueeventos.com.br\/site\/wp-json\/wp\/v2\/media?parent=8840"}],"wp:term":[{"taxonomy":"product_cat","embeddable":true,"href":"https:\/\/boutiqueeventos.com.br\/site\/wp-json\/wp\/v2\/product_cat?post=8840"},{"taxonomy":"product_tag","embeddable":true,"href":"https:\/\/boutiqueeventos.com.br\/site\/wp-json\/wp\/v2\/product_tag?post=8840"}],"curies":[{"name":"wp","href":"https:\/\/api.w.org\/{rel}","templated":true}]}}